be l(-6). Suppose 134 = p*g - 90. Let s be ((-3)/6)/((-4)/g). Calculate the highest common factor of 21 and s.
7
Suppose 2*s + 2*t = -2*t + 12, -2 = -s + 2*t. Suppose -s*l - 42 = -7*l. Calculate the greatest common factor of l and 2.
2
Suppose 2*v = -2*v + 112. What is the highest common factor of 70 and v?
14
Suppose 6*a + 3 = 21. Let p be a - 7/(14/(-114)). What is the highest common divisor of p and 10?
10
Let s = -23 - -26. Let m be s/(-4 - 116/(-28)). What is the greatest common factor of m and 147?
21
Let g = 22 + -12. Calculate the highest common divisor of 50 and g.
10
Let a be 4/(0 + -2)*38/(-4). Calculate the greatest common factor of a and 57.
19
Suppose -3*j + 16 = 4*v, -4 = 4*v + 16. What is the highest common factor of 4 and j?
4
Suppose 102 = -0*j + j + 3*u, 0 = 4*j - 5*u - 340. Calculate the greatest common factor of 36 and j.
18
Let j(h) = h**3 - 3*h**2 - 4*h. Let m be j(4). Suppose -2*l + 6 + 2 = m. Suppose 0 = l*o - 67 - 5. What is the greatest common divisor of 45 and o?
9
Let l(u) = -u**3 - u**2 + 6*u - 24. Let p be l(-6). Suppose 5*z = 4*z + 15. Calculate the highest common factor of p and z.
15
Let k be 2 - 2 - (-104)/2. Calculate the highest common divisor of k and 13.
13
Suppose 30*s - 33*s = -120. What is the highest common factor of s and 10?
10
Let g(t) = -t + 10. Let r be g(6). Calculate the highest common factor of 1 and r.
1
Let d(r) = 2*r**2 - 4 - r**3 - 3*r + r - 7*r**2 + 5*r. Let i be d(-6). Calculate the highest common factor of 7 and i.
7
Let w(s) = -2*s - 7 + 1 - 5*s. Let k be w(-4). Suppose -4*y + 42 = -k. What is the highest common divisor of 32 and y?
16
Suppose -b + 2 + 2 = 5*c, 16 = 4*b. Suppose c = -0*i - i + 26. Let n = i - -7. Calculate the highest common divisor of n and 11.
11
Let l be -1*1/((-1)/5). Let r = 4 + 1. Suppose -3*o = r*q - 23, -2*q + 4*q - 5 = 3*o. What is the greatest common divisor of o and l?
1
Let l(a) = a**3 - 20*a**2 - 12*a + 27. Let g be l(21). What is the greatest common factor of 36 and g?
36
Let w(p) = 11*p - 2. Let j be w(-2). Let q = j - -45. What is the highest common divisor of q and 14?
7
Suppose -5*w = -91 + 41. Suppose -15 = 3*v - 4*v. Suppose -b = 2*b + v, -3*b + 110 = 5*q. What is the greatest common divisor of q and w?
5
Let o(f) = 0*f**2 + 2*f**2 + f + 0*f**2 - 3*f**2 + 60. Let l be o(0). Suppose 60 = 4*d - d. Calculate the greatest common divisor of l and d.
20
Suppose -r = -0*r - 63. Let u = -45 + r. What is the greatest common divisor of 36 and u?
18
Let q(r) = 6*r. Let y be (14 - -1)*(-5)/(-15). Let u be q(y). Calculate the highest common factor of u and 10.
10
Let q = -7 - -39. What is the greatest common factor of q and 352?
32
Let g = 25 + -6. What is the highest common factor of g and 19?
19
Suppose 4*h + 0*h + 6 = 2*n, -3*n + 10 = -5*h. Calculate the highest common factor of 35 and n.
5
Suppose -5*j = -0*j - 60. What is the greatest common divisor of 9 and j?
3
Suppose -3*u + 15 = -0*u, 0 = 3*p + 3*u - 279. Calculate the greatest common divisor of 11 and p.
11
Let n = 6 + -4. Suppose z + 1 = 5. Suppose 3*j - 48 = -5*m - z, m - 20 = -n*j. Calculate the highest common divisor of 16 and j.
8
Let v(p) = 2*p**2 - 4*p - 3. Let k be v(-4). Calculate the highest common divisor of 5 and k.
5
Suppose -4 = w - 3*w. Let u be 1125/10 + (-1)/w. Calculate the highest common factor of 14 and u.
14
Suppose 3*q = n + 43, -8*q + 4*q + 74 = 2*n. What is the greatest common factor of q and 144?
16
Let q be -1 + (0/1 - -4). Suppose 2*a + q*g - 12 = 0, 4*a = a - 5*g + 17. Let s = 8 + -5. Calculate the greatest common divisor of s and a.
3
Let o(c) = 2*c - 2. Let r(v) = v - 3. Let i(h) = -4*o(h) + 6*r(h). Let s = 14 + -23. Let n be i(s). Calculate the highest common divisor of 16 and n.
8
Suppose 12 = 2*o + 2*a, 0*a = -3*o + 3*a + 12. What is the greatest common divisor of 10 and o?
5
Let a = 6 - -2. Suppose -a*y + 8 = -6*y. Calculate the greatest common factor of 36 and y.
4
Let g(u) = 3*u**2 + 6*u + 4. Let z be g(-4). Suppose 2*i + i - 72 = 0. Suppose -4*s - i + 80 = 0. Calculate the greatest common factor of z and s.
14
Suppose -4*q = -o + 161 - 16, 5*o - 763 = q. What is the greatest common divisor of o and 17?
17
Let o(b) = -3*b - 2. Let q be o(-5). Calculate the greatest common factor of 52 and q.
13
Let w be 2/6 + 32/3. Suppose -3 + 0 = 3*o, 0 = t - 4*o - 125. Let d be t + 1/1 + -1. What is the greatest common factor of w and d?
11
Let z(y) = 3*y**3 - y**2 + 2*y - 3. Let k be z(2). Let m be (-3)/2*(-84)/18. Calculate the greatest common divisor of k and m.
7
Let y(q) = -q**2 + 1. Let a be (-18)/14 + 2/7. Let w be y(a). Suppose u = 4*k - 3*k - 17, w = 2*u + 2. Calculate the highest common factor of k and 24.
8
Let d(j) = -7*j + 7. Let s be d(-6). Suppose 0 = 3*b + 4*n - 83, 5*b + 4*n - s - 76 = 0. Calculate the greatest common factor of b and 189.
21
Let o = 13 - 9. Suppose 5*l = -o*b + 253 + 30, -4*l - 4 = 0. Calculate the highest common factor of b and 12.
12
Suppose -8 - 7 = -3*b. Calculate the greatest common divisor of b and 5.
5
Let c be ((-9)/4)/(6/16). Let a be 66*((-9)/c + -1). Let t be (2/(-5))/(2/(-110)). What is the highest common factor of a and t?
11
Suppose -4*v + 2*o + 116 = -2*o, 0 = v - 5*o - 25. Let l = 4 + -2. Suppose 3*g + 5*s - 36 = 0, l*s + 7 = -g + 19. What is the highest common divisor of g and v?
6
Suppose -3*z = -z - 4. Let p be 8 - 7 - (-4)/z. Let a(l) = 3*l**2 + 4*l. Let b be a(-3). What is the highest common divisor of b and p?
3
Let f(n) = n**2 - 2*n - 7. Let v be f(-3). Calculate the highest common divisor of 64 and v.
8
Let y = 30 - -8. Calculate the greatest common divisor of y and 152.
38
Suppose 4*w = -2*s + 24, w - 3*s = -1 - 0. Suppose -w = -3*t + 2*t. Suppose -28 = f - t*f. Calculate the greatest common factor of 77 and f.
7
Let y be (-2)/(945/(-935) - -1). What is the highest common factor of y and 17?
17
Let a(f) be the third derivative of -3*f**4/8 - f**3/2 + 6*f**2. Let b be a(-2). Calculate the greatest common factor of b and 6.
3
Let c(q) be the second derivative of q**3/3 - 3*q**2/2 - q. Let l be c(9). What is the greatest common factor of 15 and l?
15
Suppose 0*b = -b + 18. What is the highest common factor of b and 72?
18
Suppose 13 - 12 = v. What is the highest common divisor of 1 and v?
1
Let g(u) be the first derivative of 13*u**2/2 + u - 2. Let k be g(1). Let t = 3 - 1. What is the highest common factor of t and k?
2
Let c be 3 + (-3 - -2) + -1. What is the highest common factor of c and 2?
1
Suppose 28*p = 25*p + 51. What is the greatest common divisor of 119 and p?
17
Let r(o) = o**3 - 6*o**2 + 5*o - 3. Let y be r(5). Let a be (4/y)/(1/3). Let d = a - -28. Calculate the highest common divisor of d and 3.
3
Suppose 0 = -3*h - z + 9, -3 + 12 = 3*h - z. What is the highest common divisor of 3 and h?
3
Suppose 0*b + 83 = b - 5*q, q = 3*b - 193. Suppose 4*y = y. Suppose y = 3*d - 5*a - 1, 10 = -d + 5*a - 3. What is the greatest common divisor of b and d?
7
Let b(w) = -61*w + 15. Let i be b(5). Let p be i/(-20) - 1/(-2). What is the greatest common divisor of p and 10?
5
Let o = 113 + -104. What is the greatest common divisor of o and 63?
9
Let d be 5 + (-274)/(-5) - 2/(-10). Calculate the greatest common factor of d and 45.
15
Suppose 2*m - 37 = 89. What is the greatest common divisor of 9 and m?
9
Let s(i) = -4*i - 3. Let q be s(-12). Calculate the greatest common factor of 18 and q.
9
Suppose -2*d + 3*d - 3 = 0. Let s be 2*-1*d/(-6). What is the greatest common divisor of 2 and s?
1
Let d(t) = -8*t - 45. Let o be d(-12). Calculate the greatest common divisor of o and 3.
3
Let z = 121 + -11. Calculate the greatest common factor of z and 10.
10
Let z be 60/(-14)*(-84)/18. Let k be 1 - (-479 - (0 + -1)). Let u be k/3 + 2/6. Calculate the highest common factor of u and z.
20
Suppose 0 = -u - 3*u + l - 4, 4*l - 16 = -4*u. Suppose 5*h = j + 185, u = -4*j - 0*j - 20. What is the highest common factor of h and 12?
12
Let j = 10 - 6. Suppose -2*x - 3 = -3*n + 28, -j*x + 1 = n. Let s(u) = u**3 + u**2 - u + 3. Let w be s(3). Calculate the highest common factor of w and n.
9
Let v = 4 + -2. Suppose o = 3*f - 5, 4*f = -o - 2*o - v. Let n = f + 3. What is the highest common factor of 36 and n?
4
Let o be (-249)/(-7) + 120/280. Supp